or of 9 and y.
9
Suppose 2*x + 5*z = 7, 3*x - z - 2*z = 21. What is the greatest common factor of x and 48?
6
Let y = -44 - -53. What is the highest common factor of y and 3?
3
Let h(w) = 2*w**2 - w**2 + 0*w**2. Let v be h(0). Let i be 2*(v - 3/(-6)). What is the highest common factor of 1 and i?
1
Suppose 0 = -3*y + 8*y - 50. Calculate the greatest common factor of 60 and y.
10
Let b = -143 + 200. Suppose -5*f - b = 783. Let g = -93 - f. Calculate the greatest common factor of g and 30.
15
Let k(g) = -2*g - 2. Let z be k(-8). Let l = z + 14. What is the greatest common factor of 7 and l?
7
Suppose 4 = 5*x + 3*h - 8, 0 = 4*x + 3*h - 12. Suppose x = a + 3*a - 128. Suppose -n - 2*n = -24. Calculate the highest common divisor of a and n.
8
Let r(d) = 0*d**2 + 1 - 5 + 0*d**2 + 2*d**2 + 2*d. Suppose -2*a - 4*b = -1 - 9, 3*a = -3*b. Let f be r(a). What is the greatest common divisor of 12 and f?
12
Suppose 0 = 2*n + 2*n - 20. Suppose n*w - 2*f = 89, -2*w + f + 40 = -2*f. What is the greatest common divisor of w and 68?
17
Let f(h) = -h**2 + 8*h + 4. Let i be f(9). Let s be 38 + (-6 - (2 + i)). Calculate the highest common divisor of 14 and s.
7
Let t = 13 + 15. What is the highest common divisor of t and 21?
7
Suppose 4*p - 64 - 80 = 0. Calculate the greatest common factor of p and 24.
12
Let f(s) = s**2 - 2*s - 6. Let g be f(6). Calculate the highest common divisor of g and 72.
18
Let u = 25 - -11. Let h(d) = -d**2 - d + 2. Let r be h(0). Let k = 6 - r. Calculate the greatest common divisor of u and k.
4
Suppose -x = -4*o - 2 - 40, 2*x - 54 = 2*o. Calculate the highest common divisor of x and 110.
22
Let v(k) = k**3 - 16*k**2 + 15. Let a be v(16). What is the greatest common divisor of a and 105?
15
Let x(k) = k + 2. Let i be x(1). Suppose -6*t = -5*t + 5*s - 5, -3*s + 45 = 2*t. Let u = t - i. What is the greatest common divisor of 18 and u?
9
Let q = 9 + -4. Suppose -12 = -3*f + g - 3*g, -q*g = -4*f + 39. Suppose -z + 2 = -2*k, 3*z - 2*k + 16 = 5*z. What is the greatest common divisor of z and f?
6
Let u = -112 - -163. Let b(a) = -10*a**2 + 2*a + u*a**2 - 1 - 3*a - 6*a**2. Let k be b(-1). What is the highest common factor of 14 and k?
7
Suppose 3*w = 9 + 33. Calculate the highest common factor of 35 and w.
7
Suppose 2*w = 4*j + 30, 2*j = -j + 9. What is the greatest common factor of w and 35?
7
Let j be (20/30)/((-2)/(-27)). Let t(c) = 2*c**2 + 5*c + 6. Let f be t(5). Calculate the highest common divisor of f and j.
9
Let o(x) = -2*x + 2. Let q be o(-7). Let t = 5 + q. What is the greatest common divisor of 3 and t?
3
Let o be (-52)/(-14) + 12/42. Suppose o*x = 27 - 7. Suppose -2*w + 2*z + 2 = -0*z, x*w = -4*z + 50. What is the highest common factor of w and 18?
6
Let s = 266 - 134. Calculate the greatest common factor of s and 12.
12
Suppose -2*p + 6*p = -2*m + 26, 2*p - 2*m - 4 = 0. Suppose w = -p*x + 80, 2*x + w - 19 = 10. Calculate the highest common divisor of x and 187.
17
Suppose -5*g - 40 = -0*g. Let q be 4/(-10) + g/(-20). Suppose q = -6*w + 5*w + 1. What is the greatest common divisor of w and 1?
1
Suppose 0*v - 5*v + 10 = 0. What is the greatest common factor of v and 10?
2
Let m = 29 + -13. What is the highest common divisor of 40 and m?
8
Let g = -28 + 50. Let v(x) = x**2. Let c be v(2). Suppose 51 = 5*n - r, 1 + 26 = n + c*r. What is the greatest common divisor of n and g?
11
Suppose -55 = -q - 45. What is the greatest common divisor of 45 and q?
5
Suppose -2*n + n - 4*r = -24, -54 = -5*n + 2*r. What is the greatest common factor of 16 and n?
4
Let m(h) = 6*h + 7. Let d(v) = v - 2. Let w be d(9). Let y be m(w). What is the greatest common divisor of 7 and y?
7
Let l(u) = 2*u**2 + 6*u - 6. Suppose -3*t - 31 = 7*z - 3*z, 2*z + 4*t = -18. Let x be l(z). Calculate the highest common divisor of x and 75.
25
Suppose 4*f = 8 + 24. Suppose 1 - f = -k. Calculate the greatest common factor of k and 56.
7
Let k(g) = -g**2 - 2*g - 2. Let m be k(-2). Let x be m/5 - 124/(-10). Suppose i = -2*i + 18. Calculate the highest common divisor of x and i.
6
Let n(h) = -h**2 - 8*h - 8. Let v be n(-6). Suppose -p + v = 1. Suppose p*c - 21 = -4*z + 29, -91 = -5*c + z. What is the greatest common divisor of c and 27?
9
Suppose 87 = 4*g - 1. Suppose 21 = 2*z - 1. Let a = g - z. Calculate the highest common divisor of 88 and a.
11
Let i be (-1 - -2)*(7 + 4). Calculate the greatest common factor of 88 and i.
11
Suppose -2*i = 5*g - 6, -3*i + 9 = -5*g + 2*g. What is the greatest common divisor of i and 2?
1
Let p(s) = 4*s**2 - 3 - 3*s**2 - 5 - 8*s. Let h be p(6). Let u = -13 - h. Calculate the greatest common divisor of u and 56.
7
Let s be 9/6*276/6. Suppose -4*h + 85 = 3*z, -2*h = h - 12. Calculate the greatest common factor of z and s.
23
Let j be 179 + 2/5*(-30)/3. What is the greatest common factor of j and 7?
7
Suppose 0 = -3*s - 4*o - 95, 0*o - 15 = s - 2*o. Let u = -17 - s. What is the highest common factor of u and 2?
2
Let t be (-48)/(-5) + (-2)/(-5). Let z = -6 + 8. Let d be z/6 + (-717)/(-9). Calculate the highest common factor of t and d.
10
Suppose -4*r = -3*r - 102. Let d = r + -25. What is the greatest common divisor of d and 7?
7
Let m(t) = 16*t**2 + 2*t - 1. Let k be m(1). Suppose -k = -r + 38. What is the highest common factor of 22 and r?
11
Let y(q) = 7*q**2 + 4*q + 1. Suppose 0 = 5*t - 10*t - 10. Let c be y(t). Calculate the highest common divisor of c and 189.
21
Let o = -9 + 7. Let z be (o/(-4))/((-2)/(-76)). Let a(k) = -24*k + 4. Let m be a(-3). What is the greatest common factor of m and z?
19
Suppose -3*g + 164 = 2*z + 27, z + 5 = 0. Calculate the greatest common divisor of 7 and g.
7
Suppose 0 = 2*x + 761 - 97. Let f = -156 - x. What is the greatest common divisor of 22 and f?
22
Let j(r) = 3*r**2 + 6*r + 11. Let s be j(-5). Calculate the highest common factor of 140 and s.
28
Let d(p) = p + 1. Let j be d(9). Suppose 3*s - j = -r, -5*r = 3*s - s - 76. Suppose -2*t + 144 = t. What is the highest common factor of r and t?
16
Let h be (56/(14/7))/1. Let v be 2 + -2 + (70 - 0). Calculate the greatest common divisor of h and v.
14
Let k = 56 + 69. Let b(j) = j**3 - 8*j**2 - j + 10. Let p be b(8). Suppose p*x - 41 = 59. Calculate the highest common divisor of x and k.
25
Suppose 0 = -b + 61 + 9. Let l(y) = -y**2 - 7*y + 8. Let u be l(-6). What is the highest common factor of b and u?
14
Let t be 1/1*(-5 - -3). Let a = t + 22. Let i be (30/4 + -2)*a. Calculate the highest common factor of i and 10.
10
Let t be ((-2)/(-4))/((-1)/10). Let i = 7 + t. Let b be i*9/6 + 2. Calculate the highest common factor of b and 5.
5
Let m(b) be the first derivative of b**4/4 + b**3/3 + b**2/2 + 60*b - 3. Let q be m(0). Calculate the highest common divisor of q and 12.
12
Suppose 4*z - 3*i + 47 + 2 = 0, 0 = 2*z + i + 17. Let b = z - -18. Let h = b + -6. Calculate the highest common factor of h and 1.
1
Suppose 4*p + 0*p = 12. Let w(j) = j**p + 2*j**2 - 2 + 1 + 0. Let z be w(1). What is the highest common divisor of 18 and z?
2
Let z(g) = g**2 + 10*g - 51. Let m be z(-15). Calculate the greatest common divisor of 32 and m.
8
Let f be (-321)/(-3) - (-2 + -1). Suppose -6*o = -2*o - 3*q - 126, -4*q + 82 = 3*o. Suppose -2*u - u = -o. What is the greatest common factor of f and u?
10
Let n(i) = 7*i - 59. Let q be n(10). What is the greatest common factor of 11 and q?
11
Let t = -199 - -283. Let n = -12 + t. Let l be (-1)/(-1)*(7 - -1). Calculate the highest common divisor of l and n.
8
Suppose -22*h + 23*h = 5. What is the greatest common factor of h and 2?
1
Let g be ((-2)/4)/((-2)/(-4)). Let x = g + 10. What is the greatest common divisor of 9 and x?
9
Let f = 26 - 13. Calculate the highest common factor of 13 and f.
13
Suppose 0 = -0*t + 2*t - 2. Let z be (-14)/(-4)*1*2. Let h = z - 6. Calculate the highest common divisor of h and t.
1
Let f be 2/(-3) + (-56)/(-3). Suppose 18 = -4*c + 26. Calculate the greatest common divisor of c and f.
2
Suppose 0*y - 48 = -4*y. Let p = 117 - 69. Calculate the highest common factor of p and y.
12
Suppose -5*l = 4*k - 167, -4*k + 0 = 8. What is the highest common divisor of 21 and l?
7
Let f be ((256 - 2)*1)/1. Suppose 3*a - 148 - f = -3*s, -2*a - 5*s = -280. Let r = -76 + a. Calculate the highest common factor of 6 and r.
